{"id":668,"date":"2020-06-20T17:04:49","date_gmt":"2020-06-20T15:04:49","guid":{"rendered":"http:\/\/www.porinveneilijat.fi\/?page_id=668"},"modified":"2026-01-14T20:32:29","modified_gmt":"2026-01-14T18:32:29","slug":"perkolaattorikeitin","status":"publish","type":"page","link":"https:\/\/www.porinveneilijat.fi\/?page_id=668","title":{"rendered":"Perkolaattorikeitin"},"content":{"rendered":"\n<p>Seuran j\u00e4senill\u00e4 mahdollisuus vuokrata isoa suurtalouskahvinkeitint\u00e4 10\u20ac\/kerta mihin tahansa tilaisuuksiin. <\/p>\n\n\n\n<p>Varaukaset ja tiedustelut Esa Katajam\u00e4ki, puh. 040 669 4026<\/p>\n\n\n\n<p>Tilavuus: <strong>14L<\/strong> (100-110 kuppia)<\/p>\n\n\n\n<p>K\u00e4ytt\u00f6: T\u00e4ytet\u00e4\u00e4n keitin vedell\u00e4 (14 L) ja lis\u00e4t\u00e4\u00e4n 1 kokonainen paketti pannujauhatuskahvia suodatin astiaan ja keitet\u00e4\u00e4n n. 60 minuuttia.<br>Mahdollisuus keitt\u00e4\u00e4 my\u00f6s puolet m\u00e4\u00e4r\u00e4st\u00e4.<\/p>\n\n\n\n<p><img loading=\"lazy\" decoding=\"async\" width=\"150\" height=\"165\" class=\"wp-image-669\" style=\"width: 150px;\" src=\"https:\/\/www.porinveneilijat.fi\/wp-content\/uploads\/2020\/06\/tuotesivu_SUURTALOUSKAHVINKEITIN14L100CPITOKOKKI_6438014186252_7ea3dfb9d75ba377a71aa2b6cb6e1860_1.jpg\" alt=\"\" srcset=\"https:\/\/www.porinveneilijat.fi\/wp-content\/uploads\/2020\/06\/tuotesivu_SUURTALOUSKAHVINKEITIN14L100CPITOKOKKI_6438014186252_7ea3dfb9d75ba377a71aa2b6cb6e1860_1.jpg 403w, https:\/\/www.porinveneilijat.fi\/wp-content\/uploads\/2020\/06\/tuotesivu_SUURTALOUSKAHVINKEITIN14L100CPITOKOKKI_6438014186252_7ea3dfb9d75ba377a71aa2b6cb6e1860_1-273x300.jpg 273w\" sizes=\"auto, (max-width: 150px) 100vw, 150px\" \/><\/p>\n\n\n\n<p><\/p>\n","protected":false},"excerpt":{"rendered":"<p>Seuran j\u00e4senill\u00e4 mahdollisuus vuokrata isoa suurtalouskahvinkeitint\u00e4 10\u20ac\/kerta mihin tahansa tilaisuuksiin. Varaukaset ja tiedustelut Esa Katajam\u00e4ki, puh. 040 669 4026 Tilavuus: 14L (100-110 kuppia) K\u00e4ytt\u00f6: T\u00e4ytet\u00e4\u00e4n keitin vedell\u00e4 (14 L) ja lis\u00e4t\u00e4\u00e4n 1 kokonainen paketti pannujauhatuskahvia suodatin astiaan ja keitet\u00e4\u00e4n n. 60 minuuttia.Mahdollisuus keitt\u00e4\u00e4 my\u00f6s puolet m\u00e4\u00e4r\u00e4st\u00e4.<\/p>\n","protected":false},"author":1,"featured_media":0,"parent":121,"menu_order":0,"comment_status":"closed","ping_status":"closed","template":"","meta":{"footnotes":""},"class_list":["post-668","page","type-page","status-publish","hentry"],"_links":{"self":[{"href":"https:\/\/www.porinveneilijat.fi\/index.php?rest_route=\/wp\/v2\/pages\/668","targetHints":{"allow":["GET"]}}],"collection":[{"href":"https:\/\/www.porinveneilijat.fi\/index.php?rest_route=\/wp\/v2\/pages"}],"about":[{"href":"https:\/\/www.porinveneilijat.fi\/index.php?rest_route=\/wp\/v2\/types\/page"}],"author":[{"embeddable":true,"href":"https:\/\/www.porinveneilijat.fi\/index.php?rest_route=\/wp\/v2\/users\/1"}],"replies":[{"embeddable":true,"href":"https:\/\/www.porinveneilijat.fi\/index.php?rest_route=%2Fwp%2Fv2%2Fcomments&post=668"}],"version-history":[{"count":6,"href":"https:\/\/www.porinveneilijat.fi\/index.php?rest_route=\/wp\/v2\/pages\/668\/revisions"}],"predecessor-version":[{"id":867,"href":"https:\/\/www.porinveneilijat.fi\/index.php?rest_route=\/wp\/v2\/pages\/668\/revisions\/867"}],"up":[{"embeddable":true,"href":"https:\/\/www.porinveneilijat.fi\/index.php?rest_route=\/wp\/v2\/pages\/121"}],"wp:attachment":[{"href":"https:\/\/www.porinveneilijat.fi\/index.php?rest_route=%2Fwp%2Fv2%2Fmedia&parent=668"}],"curies":[{"name":"wp","href":"https:\/\/api.w.org\/{rel}","templated":true}]}}