{"id":139,"date":"2015-03-23T10:46:15","date_gmt":"2015-03-23T10:46:15","guid":{"rendered":"http:\/\/www.porinveneilijat.fi\/?page_id=139"},"modified":"2017-06-03T13:37:03","modified_gmt":"2017-06-03T11:37:03","slug":"linkit","status":"publish","type":"page","link":"https:\/\/www.porinveneilijat.fi\/?page_id=139","title":{"rendered":"Linkit"},"content":{"rendered":"<div class=\"csRow\">\n<div class=\"csColumnGap\" style=\"margin: 0px; padding: 0px; float: left; width: 1.56%;\"><img decoding=\"async\" style=\"border: none;\" src=\"wp-content\/plugins\/advanced-wp-columns\/assets\/js\/plugins\/views\/img\/1x1-pixel.png\" alt=\"\" \/><\/div>\n<div class=\"csColumn\" style=\"margin: 0px; padding: 0px; float: left; width: 31.3%;\" data-csstartpoint=\"15\" data-csendpoint=\"315\" data-cswidth=\"31.3%\" data-csid=\"492db1da-4049-b766-aab3-c7532889cfe7\">\n<h2><strong>Muita veneilyseuroja<\/strong><\/h2>\n<ul>\n<li><a title=\"Luvian Vene-kolmio Ry\" href=\"http:\/\/www.nic.fi\/~lvk\/\" target=\"_blank\" rel=\"noopener noreferrer\">Luvian Vene-kolmio Ry<\/a><\/li>\n<li><a title=\"Turun Merikotkat Ry\" href=\"http:\/\/www.turunmerikotkat.fi\/\" target=\"_blank\" rel=\"noopener noreferrer\">Turun Merikotkat Ry<\/a><\/li>\n<li><a title=\"Meriseura Turku Ry\" href=\"http:\/\/meriseuraturku.fi\/\" target=\"_blank\" rel=\"noopener noreferrer\">Meriseura Turku Ry<\/a><\/li>\n<li><a title=\"Rauman Ty\u00f6v\u00e4en Veneilij\u00e4t Ry\" href=\"http:\/\/www.rtvry.fi\/\" target=\"_blank\" rel=\"noopener noreferrer\">Rauman Ty\u00f6v\u00e4en Veneilij\u00e4t Ry<\/a><\/li>\n<li><a title=\"Airiston Veneilij\u00e4t\" href=\"http:\/\/www.airistonveneilijat.fi\/\" target=\"_blank\" rel=\"noopener noreferrer\">Airiston Veneilij\u00e4t<\/a><\/li>\n<li><a title=\"Kaarinan Veneseura KVS\" href=\"http:\/\/www.kaarinanveneseura.fi\/\" target=\"_blank\" rel=\"noopener noreferrer\">Kaarinan Veneseura KVS<\/a><\/li>\n<li><a title=\"Uusikaupunki UTMVS\" href=\"http:\/\/www.uusikaupunki.fi\/~utmvs\/\" target=\"_blank\" rel=\"noopener noreferrer\">Uusikaupunki UTMVS<\/a><\/li>\n<li><a title=\"Selk\u00e4meren Veneilij\u00e4t\" href=\"http:\/\/www.selkamerenveneilijat.fi\/\" target=\"_blank\" rel=\"noopener noreferrer\">Selk\u00e4meren Veneilij\u00e4t<\/a><\/li>\n<\/ul>\n<h2><strong>Veneilylinkkej\u00e4<\/strong><\/h2>\n<ul>\n<li><a title=\"veneily.fi (Trafi)\" href=\"http:\/\/www.veneily.fi\/\" target=\"_blank\" rel=\"noopener noreferrer\">Veneily.fi\u00a0(Trafi)<\/a><\/li>\n<li><a title=\"Veneretki\" href=\"http:\/\/www.veneretki.fi\/\" target=\"_blank\" rel=\"noopener noreferrer\">Veneretki<\/a><\/li>\n<\/ul>\n<h2><strong>Viranomaisia<\/strong><\/h2>\n<ul>\n<li><a title=\"Poliisi\" href=\"http:\/\/www.poliisi.fi\/\" target=\"_blank\" rel=\"noopener noreferrer\">Poliisi<\/a><\/li>\n<li><a title=\"Tulli\" href=\"http:\/\/www.tulli.fi\/\" target=\"_blank\" rel=\"noopener noreferrer\">Tulli<\/a><\/li>\n<li><a title=\"H\u00e4lytyskeskus\" href=\"http:\/\/www.112.fi\/\" target=\"_blank\" rel=\"noopener noreferrer\">H\u00e4lytyskeskus<\/a><\/li>\n<li><a title=\"L\u00e4\u00e4k\u00e4rivene\" href=\"http:\/\/www.saaristolaakarit.com\/\" target=\"_blank\" rel=\"noopener noreferrer\">L\u00e4\u00e4k\u00e4rivene<\/a><\/li>\n<li><a title=\"Verohallintokeskus\" href=\"http:\/\/www.vero.fi\" target=\"_blank\" rel=\"noopener noreferrer\">Verohallintokeskus<\/a><\/li>\n<\/ul>\n<h2><strong>Turvallisuustietoa<\/strong><\/h2>\n<ul>\n<li><a title=\"Stek.fi\" href=\"http:\/\/www.stek.fi\/\" target=\"_blank\" rel=\"noopener noreferrer\">Stek.fi<\/a><\/li>\n<li><a title=\"Trafi\" href=\"http:\/\/www.trafi.fi\/\" target=\"_blank\" rel=\"noopener noreferrer\">Trafi<\/a><\/li>\n<\/ul>\n<\/div>\n<div class=\"csColumnGap\" style=\"margin: 0px; padding: 0px; float: left; width: 1.56%;\"><img decoding=\"async\" style=\"border: none;\" src=\"wp-content\/plugins\/advanced-wp-columns\/assets\/js\/plugins\/views\/img\/1x1-pixel.png\" alt=\"\" \/><\/div>\n<div class=\"csColumn\" style=\"margin: 0px; padding: 0px; float: left; width: 31.3%;\" data-csstartpoint=\"330\" data-csendpoint=\"630\" data-cswidth=\"31.3%\" data-csid=\"7123a275-6cf4-e473-9ed5-e42a47af29e7\">\n<h2><strong>Veneilylehti\u00e4<\/strong><\/h2>\n<ul>\n<li><a title=\"Kippari\" href=\"http:\/\/kipparilehti.fi\/\" target=\"_blank\" rel=\"noopener noreferrer\">Kippari<\/a><\/li>\n<li><a title=\"Venelehti\" href=\"http:\/\/venelehti.fi\/\" target=\"_blank\" rel=\"noopener noreferrer\">Venelehti<\/a><\/li>\n<\/ul>\n<h2><strong>Webmail<\/strong><\/h2>\n<ul>\n<li><a title=\"Elisa\" href=\"https:\/\/webmail.kolumbus.fi\/ewm\/\" target=\"_blank\" rel=\"noopener noreferrer\">Elisa<\/a><\/li>\n<li><a title=\"DNA\" href=\"https:\/\/webmail.dnainternet.net\/\" target=\"_blank\" rel=\"noopener noreferrer\">DNA<\/a><\/li>\n<li><a title=\"Saunalahti\" href=\"http:\/\/saunalahti.fi\/\" target=\"_blank\" rel=\"noopener noreferrer\">Saunalahti<\/a><\/li>\n<li><a title=\"Luukku\" href=\"http:\/\/www.luukku.com\/luukku\" target=\"_blank\" rel=\"noopener noreferrer\">Luukku<\/a><\/li>\n<li><a title=\"Gmail\" href=\"http:\/\/www.gmail.com\/\" target=\"_blank\" rel=\"noopener noreferrer\">Gmail<\/a><\/li>\n<li><a title=\"Hotmail\" href=\"http:\/\/www.hotmail.com\" target=\"_blank\" rel=\"noopener noreferrer\">Hotmail<\/a><\/li>\n<\/ul>\n<h2><strong>Viihde<\/strong><\/h2>\n<ul>\n<li><a title=\"TV-ohjelmat\" href=\"http:\/\/www.telkku.com\/\" target=\"_blank\" rel=\"noopener noreferrer\">Tv-Ohjelmat<\/a><\/li>\n<li><a title=\"Nettipelej\u00e4\" href=\"http:\/\/pelikone.fi\/\" target=\"_blank\" rel=\"noopener noreferrer\">Nettipelej\u00e4<\/a><\/li>\n<li><a title=\"Veikkaus\" href=\"http:\/\/www.veikkaus.fi\/\" target=\"_blank\" rel=\"noopener noreferrer\">Veikkaus<\/a><\/li>\n<li><a title=\"Radio pori (live)\" href=\"http:\/\/www.radiopori.fi\/live\" target=\"_blank\" rel=\"noopener noreferrer\">Radio pori (live)<\/a><\/li>\n<\/ul>\n<h2><strong>Harrastukset<\/strong><\/h2>\n<ul>\n<li><a title=\"Meri-Porin urheilukalastajat\" href=\"http:\/\/www.meriporinurheilukalastajat.fi\/\" target=\"_blank\" rel=\"noopener noreferrer\">Meri-Porin urheilukalastajat<\/a><\/li>\n<li><a title=\"Porin Urheilusukeltajat Ry\" href=\"http:\/\/www.porinurheilusukeltajat.fi\/\" target=\"_blank\" rel=\"noopener noreferrer\">Porin Urheilusukeltajat Ry<\/a><\/li>\n<\/ul>\n<h2><strong>Webkuvaa<\/strong><\/h2>\n<ul>\n<li><a title=\"Aallonmurtajan ymp\u00e4rist\u00f6\u00e4\" href=\"http:\/\/www.ajl.fi\/\" target=\"_blank\" rel=\"noopener noreferrer\">Aallonmurtajan ymp\u00e4rist\u00f6\u00e4<\/a><\/li>\n<\/ul>\n<\/div>\n<div class=\"csColumnGap\" style=\"margin: 0px; padding: 0px; float: left; width: 1.56%;\"><img decoding=\"async\" style=\"border: none;\" src=\"wp-content\/plugins\/advanced-wp-columns\/assets\/js\/plugins\/views\/img\/1x1-pixel.png\" alt=\"\" \/><\/div>\n<div class=\"csColumn\" style=\"margin: 0px; padding: 0px; float: left; width: 31.3%;\" data-csstartpoint=\"645\" data-csendpoint=\"945\" data-cswidth=\"31.3%\" data-csid=\"f386254d-81f7-7dff-80ad-d24a55e1c856\">\n<h2><strong>Yhteisty\u00f6 kumppanit 2017<\/strong><\/h2>\n<p><a href=\"http:\/\/www.akkupojat.fi\" target=_blank\" rel=\"noopener noreferrer\">Akkupojat Oy<\/a><br \/>\n<a href=\"http:\/\/www.venepori.fi\" target=_blank\" rel=\"noopener noreferrer\">Venepori Oy<\/a><br \/>\n<a href=\"http:\/\/www.hyttiseneristysliike.fi\" target=_blank\" rel=\"noopener noreferrer\">Hyttisen eristysliike Oy<\/a><br \/>\n<a href=\"http:\/\/www.teollisuuskymppi.fi\" target=_blank\" rel=\"noopener noreferrer\">Teollisuuskymppi Oy<\/a><br \/>\n<a href=\"http:\/\/www.kuusakoski.com\" target=_blank\" rel=\"noopener noreferrer\">Kuusakoski Oy<\/a><br \/>\n<a href=\"http:\/\/www.s-kcaravan.fi\" target=_blank\" rel=\"noopener noreferrer\">S-K Caravan Ky<\/a><br \/>\n<a href=\"http:\/\/www.kirmola.com\" target=_blank\" rel=\"noopener noreferrer\">Auto-Kirmola Oy<\/a><br \/>\n<a href=\"http:\/\/www.porienergia.fi\" target=_blank\" rel=\"noopener noreferrer\">Pori Energia Oy<\/a><br \/>\n<a href=\"http:\/\/www.porinyhasunnot.fi\" target=_blank\" rel=\"noopener noreferrer\">Porin YH-Asunnot Oy<\/a><br \/>\n<a href=\"http:\/\/www.autopalvelujuhavare.fi\" target=_blank\" rel=\"noopener noreferrer\">Autopalvelu Juha V\u00e4re<\/a><br \/>\n<a href=\"http:\/\/www.washking.fi\" target=_blank\" rel=\"noopener noreferrer\">Washking<\/a><br \/>\n<a href=\"http:\/\/www.renta.fi\" target=_blank\" rel=\"noopener noreferrer\">Renta Oy<\/a><br \/>\n<a href=\"http:\/\/www.speederman.com\" target=_blank\" rel=\"noopener noreferrer\">Speederman Oy<\/a><br \/>\n<a href=\"http:\/\/www.porinpuuvilla.fi\" target=_blank\" rel=\"noopener noreferrer\">Porin puuvilla Oy<\/a><br \/>\n<a href=\"http:\/\/www.porinkylmaasennus.fi\" target=_blank\" rel=\"noopener noreferrer\">Porin Kylm\u00e4asennus Ky<\/a><br \/>\n<a href=\"http:\/\/www.sunler.fi\" target=_blank\" rel=\"noopener noreferrer\">Sunler Ky<\/a><br \/>\n<a href=\"http:\/\/www.motonet.fi\" target=_blank\" rel=\"noopener noreferrer\">Motonet Oy<\/a><br \/>\n<a href=\"http:\/\/www.veprotech.fi\" target=_blank\" rel=\"noopener noreferrer\">VeProtech Lehtonen<\/a><br \/>\n<a href=\"http:\/\/www.ulvilanlasikuitu.fi\" target=_blank\" rel=\"noopener noreferrer\">Ulvilan lasikuitu<\/a><\/p>\n<\/div>\n<div class=\"csColumnGap\" style=\"margin: 0px; padding: 0px; float: left; width: 1.56%;\"><img decoding=\"async\" style=\"border: none;\" src=\"wp-content\/plugins\/advanced-wp-columns\/assets\/js\/plugins\/views\/img\/1x1-pixel.png\" alt=\"\" \/><\/div>\n<div style=\"clear: both; float: none; display: block; visibility: hidden; width: 0px; font-size: 0px; line-height: 0;\"><\/div>\n<\/div>\n<p>&nbsp;<\/p>\n<p><strong>Linkki toiveet:\u00a0<span style=\"color: #0000ff;\">ville.gronroos(at)porinveneilijat.fi<\/span><\/strong><\/p>\n","protected":false},"excerpt":{"rendered":"<p>Muita veneilyseuroja Luvian Vene-kolmio Ry Turun Merikotkat Ry Meriseura Turku Ry Rauman Ty\u00f6v\u00e4en Veneilij\u00e4t Ry Airiston Veneilij\u00e4t Kaarinan Veneseura KVS Uusikaupunki UTMVS Selk\u00e4meren Veneilij\u00e4t Veneilylinkkej\u00e4 Veneily.fi\u00a0(Trafi) Veneretki Viranomaisia Poliisi Tulli H\u00e4lytyskeskus L\u00e4\u00e4k\u00e4rivene Verohallintokeskus Turvallisuustietoa Stek.fi Trafi Veneilylehti\u00e4 Kippari Venelehti Webmail Elisa DNA Saunalahti Luukku Gmail Hotmail Viihde Tv-Ohjelmat Nettipelej\u00e4 Veikkaus Radio pori (live) Harrastukset Meri-Porin [&hellip;]<\/p>\n","protected":false},"author":1,"featured_media":0,"parent":0,"menu_order":8,"comment_status":"closed","ping_status":"open","template":"","meta":{"footnotes":""},"class_list":["post-139","page","type-page","status-publish","hentry"],"_links":{"self":[{"href":"https:\/\/www.porinveneilijat.fi\/index.php?rest_route=\/wp\/v2\/pages\/139","targetHints":{"allow":["GET"]}}],"collection":[{"href":"https:\/\/www.porinveneilijat.fi\/index.php?rest_route=\/wp\/v2\/pages"}],"about":[{"href":"https:\/\/www.porinveneilijat.fi\/index.php?rest_route=\/wp\/v2\/types\/page"}],"author":[{"embeddable":true,"href":"https:\/\/www.porinveneilijat.fi\/index.php?rest_route=\/wp\/v2\/users\/1"}],"replies":[{"embeddable":true,"href":"https:\/\/www.porinveneilijat.fi\/index.php?rest_route=%2Fwp%2Fv2%2Fcomments&post=139"}],"version-history":[{"count":11,"href":"https:\/\/www.porinveneilijat.fi\/index.php?rest_route=\/wp\/v2\/pages\/139\/revisions"}],"predecessor-version":[{"id":513,"href":"https:\/\/www.porinveneilijat.fi\/index.php?rest_route=\/wp\/v2\/pages\/139\/revisions\/513"}],"wp:attachment":[{"href":"https:\/\/www.porinveneilijat.fi\/index.php?rest_route=%2Fwp%2Fv2%2Fmedia&parent=139"}],"curies":[{"name":"wp","href":"https:\/\/api.w.org\/{rel}","templated":true}]}}