{"id":137,"date":"2015-03-23T10:45:17","date_gmt":"2015-03-23T10:45:17","guid":{"rendered":"http:\/\/www.porinveneilijat.fi\/?page_id=137"},"modified":"2026-02-05T19:12:46","modified_gmt":"2026-02-05T17:12:46","slug":"yhteystiedot","status":"publish","type":"page","link":"https:\/\/www.porinveneilijat.fi\/?page_id=137","title":{"rendered":"Yhteystiedot"},"content":{"rendered":"<hr \/>\n<p><strong>Porin Veneilij\u00e4t Ry<\/strong><br \/>\n<strong>Suntintie 36<\/strong><br \/>\n<strong> 28600 Pori<br \/>\ninfo(at)porinveneilijat.fi<br \/>\n<\/strong><\/p>\n<p><a href=\"https:\/\/www.porinveneilijat.fi\/wp-content\/uploads\/2016\/01\/Porin-Veneilij%C3%A4t-Ry-s%C3%A4%C3%A4nn%C3%B6t.pdf\" target=\"_blank\" rel=\"noopener noreferrer\">Seuran s\u00e4\u00e4nn\u00f6t<\/a><\/p>\n<div class=\"csRow\">\n<div class=\"csColumnGap\" style=\"margin: 0px; padding: 0px; float: left; width: 1.56%;\"><img decoding=\"async\" style=\"border: none;\" src=\"wp-content\/plugins\/advanced-wp-columns\/assets\/js\/plugins\/views\/img\/1x1-pixel.png\" alt=\"\" \/><\/div>\n<div class=\"csColumn\" style=\"margin: 0px; padding: 0px; float: left; width: 31.3%;\" data-csstartpoint=\"15\" data-csendpoint=\"315\" data-cswidth=\"31.3%\" data-csid=\"4ab00da9-b348-453c-9425-4d3c1a67c4e0\">\n<h2><strong>Puheenjohtaja<\/strong><\/h2>\n<p><strong>Veli-Matti Suonp\u00e4\u00e4<\/strong><br \/>\n050 376 3385<\/p>\n<p><strong>Sihteeri<\/strong><\/p>\n<p><strong>Sami Anttila<\/strong><br \/>\n0400 869 331<br \/>\nsami.anttila(at)porinveneilijat.fi<\/p>\n<h2><strong>J\u00e4senasiainhoitaja<\/strong><\/h2>\n<p><strong>Jukka Antila<\/strong><br \/>\njukka.antila(at)porinveneilijat.fi<\/p>\n<h2><strong>Katsastusmiehet<\/strong><\/h2>\n<p><strong>Sami Anttila<\/strong><br \/>\n0400 869 331<br \/>\nsami.anttila(at)porinveneilijat.fi<\/p>\n<p><strong>Arto Tr\u00e4skelin<\/strong><br \/>\n0400 815 509<br \/>\narto.traskelin(at)porinveneilijat.fi<\/p>\n<p><strong>Jarmo Tuominen<\/strong><br \/>\n0500 686 386<br \/>\njarmo.tuominen(at)porinveneilijat.fi<\/p>\n<\/div>\n<div class=\"csColumnGap\" style=\"margin: 0px; padding: 0px; float: left; width: 1.56%;\"><img decoding=\"async\" style=\"border: none;\" src=\"wp-content\/plugins\/advanced-wp-columns\/assets\/js\/plugins\/views\/img\/1x1-pixel.png\" alt=\"\" \/><\/div>\n<div class=\"csColumn\" style=\"margin: 0px; padding: 0px; float: left; width: 31.3%;\" data-csstartpoint=\"330\" data-csendpoint=\"630\" data-cswidth=\"31.3%\" data-csid=\"15d7c27d-4df5-d0bc-aa0f-cc58454e77db\">\n<h2><strong>Varapuheenjohtaja<\/strong><\/h2>\n<p><strong>Jukka Antila<\/strong><br \/>\njukka.antila(at)porinveneilijat.fi<\/p>\n<h2><strong>Taloudenhoitaja<\/strong><\/h2>\n<p><strong>Jarmo Tuominen<\/strong><br \/>\n0500 686 386<br \/>\njarmo.tuominen(at)porinveneilijat.fi<\/p>\n<h2><strong>Satamamestari<\/strong><\/h2>\n<p><strong>Ville Gr\u00f6nroos<\/strong><br \/>\n040 512 6932<br \/>\nville.gronroos(at)porinveneilijat.fi<\/p>\n<h2><strong>Sivuston yll\u00e4pito<\/strong><\/h2>\n<p><strong>Ville Gr\u00f6nroos<\/strong><br \/>\n040 512 6932<br \/>\nville.gronroos(at)porinveneilijat.fi<\/p>\n<h2><\/h2>\n<\/div>\n<div class=\"csColumnGap\" style=\"margin: 0px; padding: 0px; float: left; width: 1.56%;\"><img decoding=\"async\" style=\"border: none;\" src=\"wp-content\/plugins\/advanced-wp-columns\/assets\/js\/plugins\/views\/img\/1x1-pixel.png\" alt=\"\" \/><\/div>\n<div class=\"csColumn\" style=\"margin: 0px; padding: 0px; float: left; width: 31.3%;\" data-csstartpoint=\"645\" data-csendpoint=\"945\" data-cswidth=\"31.3%\" data-csid=\"a4eec38d-ceae-2f4d-927a-7017c728eafe\">\n<h2><strong>Muut johtokunnan j\u00e4senet<\/strong><\/h2>\n<p><strong>Jouni Rantanen<\/strong><br \/>\n050 390 0975<br \/>\njouni.rantanent(at)porinveneilijat.fi<\/p>\n<p><strong>Minna Anttila<\/strong><br \/>\nminna.anttila(at)porinveneilijat.fi<\/p>\n<p><strong>Esa Katajam\u00e4ki<br \/>\n<\/strong>esa.katajamaki(at)porinveneilijat.fi<\/p>\n<p><strong>Katja Katajam\u00e4ki<\/strong><\/p>\n<p><strong>Esa Juhola<br \/>\n<\/strong>esa.juhola(at)porinveneilijat.fi<strong><br \/>\n<\/strong><\/p>\n<\/div>\n<div class=\"csColumnGap\" style=\"margin: 0px; padding: 0px; float: left; width: 1.56%;\"><img decoding=\"async\" style=\"border: none;\" src=\"wp-content\/plugins\/advanced-wp-columns\/assets\/js\/plugins\/views\/img\/1x1-pixel.png\" alt=\"\" \/><\/div>\n<div style=\"clear: both; float: none; display: block; visibility: hidden; width: 0px; font-size: 0px; line-height: 0;\"><\/div>\n<\/div>\n","protected":false},"excerpt":{"rendered":"<p>Porin Veneilij\u00e4t Ry Suntintie 36 28600 Pori info(at)porinveneilijat.fi Seuran s\u00e4\u00e4nn\u00f6t Puheenjohtaja Veli-Matti Suonp\u00e4\u00e4 050 376 3385 Sihteeri Sami Anttila 0400 869 331 sami.anttila(at)porinveneilijat.fi J\u00e4senasiainhoitaja Jukka Antila jukka.antila(at)porinveneilijat.fi Katsastusmiehet Sami Anttila 0400 869 331 sami.anttila(at)porinveneilijat.fi Arto Tr\u00e4skelin 0400 815 509 arto.traskelin(at)porinveneilijat.fi Jarmo Tuominen 0500 686 386 jarmo.tuominen(at)porinveneilijat.fi Varapuheenjohtaja Jukka Antila jukka.antila(at)porinveneilijat.fi Taloudenhoitaja Jarmo Tuominen 0500 686 [&hellip;]<\/p>\n","protected":false},"author":1,"featured_media":0,"parent":0,"menu_order":7,"comment_status":"closed","ping_status":"open","template":"","meta":{"footnotes":""},"class_list":["post-137","page","type-page","status-publish","hentry"],"_links":{"self":[{"href":"https:\/\/www.porinveneilijat.fi\/index.php?rest_route=\/wp\/v2\/pages\/137","targetHints":{"allow":["GET"]}}],"collection":[{"href":"https:\/\/www.porinveneilijat.fi\/index.php?rest_route=\/wp\/v2\/pages"}],"about":[{"href":"https:\/\/www.porinveneilijat.fi\/index.php?rest_route=\/wp\/v2\/types\/page"}],"author":[{"embeddable":true,"href":"https:\/\/www.porinveneilijat.fi\/index.php?rest_route=\/wp\/v2\/users\/1"}],"replies":[{"embeddable":true,"href":"https:\/\/www.porinveneilijat.fi\/index.php?rest_route=%2Fwp%2Fv2%2Fcomments&post=137"}],"version-history":[{"count":31,"href":"https:\/\/www.porinveneilijat.fi\/index.php?rest_route=\/wp\/v2\/pages\/137\/revisions"}],"predecessor-version":[{"id":871,"href":"https:\/\/www.porinveneilijat.fi\/index.php?rest_route=\/wp\/v2\/pages\/137\/revisions\/871"}],"wp:attachment":[{"href":"https:\/\/www.porinveneilijat.fi\/index.php?rest_route=%2Fwp%2Fv2%2Fmedia&parent=137"}],"curies":[{"name":"wp","href":"https:\/\/api.w.org\/{rel}","templated":true}]}}