{"id":109,"date":"2015-03-23T08:02:48","date_gmt":"2015-03-23T08:02:48","guid":{"rendered":"http:\/\/www.porinveneilijat.fi\/?page_id=109"},"modified":"2017-05-02T18:35:07","modified_gmt":"2017-05-02T16:35:07","slug":"historia","status":"publish","type":"page","link":"https:\/\/www.porinveneilijat.fi\/?page_id=109","title":{"rendered":"Historia"},"content":{"rendered":"<p><strong>Porin Veneilij\u00e4t Ry Historia<\/strong><\/p>\n<div id=\"attachment_58\" style=\"width: 190px\" class=\"wp-caption alignleft\"><a href=\"https:\/\/www.porinveneilijat.fi\/wp-content\/uploads\/2015\/03\/saunatalkoot1.jpg\"><img loading=\"lazy\" decoding=\"async\" aria-describedby=\"caption-attachment-58\" class=\"wp-image-58\" src=\"https:\/\/www.porinveneilijat.fi\/wp-content\/uploads\/2015\/03\/saunatalkoot1-267x300.jpg\" alt=\"Saunatalkoot\" width=\"180\" height=\"202\" srcset=\"https:\/\/www.porinveneilijat.fi\/wp-content\/uploads\/2015\/03\/saunatalkoot1-267x300.jpg 267w, https:\/\/www.porinveneilijat.fi\/wp-content\/uploads\/2015\/03\/saunatalkoot1.jpg 457w\" sizes=\"auto, (max-width: 180px) 100vw, 180px\" \/><\/a><p id=\"caption-attachment-58\" class=\"wp-caption-text\">Saunatalkoot<\/p><\/div>\n<p style=\"text-align: justify;\">Tammikuussa vuonna 1981 ilmestyi porilaisten ty\u00f6paikkojen ilmoitustauluille ilmoitus joka kutsui Sinua tulemaan 27.1.1981 klo 18.30 silloisen STS:pankin kerhohuoneelle perustamaan Poriin omaa TUL:n alaista veneilyseuraa. Kutsun oli j\u00e4rjest\u00e4nyt silloinen TUL:n Satakunnan piirin toimitsija Aatos Olkkonen. Paikalle oli saapunut runsaasti veneilyn harrastajia ja ehk\u00e4 muutama muuten utelias. Ratkaisevana tekij\u00e4n\u00e4 seuran perustamiselle oli my\u00f6s raumalaisten (RTV:n) osuus, heilt\u00e4 tuli vahva alkupotku ja tietoisku seuran perustamiseen, kiitos siit\u00e4 heille. Seuran perustaminen ly\u00f6tiin lukkoon ja valittiin seuran nimeksi monien ehdotuksien joukosta PORIN VENEILIJ\u00c4T. Hyv\u00e4n\u00e4 kakkosena oli ehdotus Porin Paattiseura. Nimen ratkettua valittiin uudelle seuralle puheenjohtaja, varapuheenjohtaja ja muut toimihenkil\u00f6t. Heti alkoi kiivas saaritukikohdan mets\u00e4stys, joka tuottikin nopeasti tulosta ja saimmekin Ahlaisten saaristosta Hirvikarin etel\u00e4isest\u00e4 niemest\u00e4,Huhtakarista vuokrattua osan k\u00e4ytt\u00f6\u00f6mme, my\u00f6hemmin koko Huhtakarin.<\/p>\n<p><strong>Nyt vuosia perustamisen j\u00e4lkeen<\/strong><\/p>\n<div id=\"attachment_62\" style=\"width: 210px\" class=\"wp-caption alignleft\"><img loading=\"lazy\" decoding=\"async\" aria-describedby=\"caption-attachment-62\" class=\"wp-image-62 size-full\" src=\"https:\/\/www.porinveneilijat.fi\/wp-content\/uploads\/2015\/03\/vuosiamyohemmin.jpg\" alt=\"\" width=\"200\" height=\"150\" \/><p id=\"caption-attachment-62\" class=\"wp-caption-text\">Vuosia my\u00f6hemmin<\/p><\/div>\n<p style=\"text-align: justify;\">Saari on muuttunut paljon. Laiturit kolmella puolella saarta, vanha sauna on purettu ja uusi komea sauna l\u00e4nsirannalla. &#8221;Mutteri&#8221;-paviljonki, keitti\u00f6rakennus, puusee, varastorakennus, lentopallokentt\u00e4, kalalaituri ym. ym.<\/p>\n","protected":false},"excerpt":{"rendered":"<p>Porin Veneilij\u00e4t Ry Historia Tammikuussa vuonna 1981 ilmestyi porilaisten ty\u00f6paikkojen ilmoitustauluille ilmoitus joka kutsui Sinua tulemaan 27.1.1981 klo 18.30 silloisen STS:pankin kerhohuoneelle perustamaan Poriin omaa TUL:n alaista veneilyseuraa. Kutsun oli j\u00e4rjest\u00e4nyt silloinen TUL:n Satakunnan piirin toimitsija Aatos Olkkonen. Paikalle oli saapunut runsaasti veneilyn harrastajia ja ehk\u00e4 muutama muuten utelias. Ratkaisevana tekij\u00e4n\u00e4 seuran perustamiselle oli my\u00f6s [&hellip;]<\/p>\n","protected":false},"author":1,"featured_media":0,"parent":107,"menu_order":0,"comment_status":"closed","ping_status":"open","template":"","meta":{"footnotes":""},"class_list":["post-109","page","type-page","status-publish","hentry"],"_links":{"self":[{"href":"https:\/\/www.porinveneilijat.fi\/index.php?rest_route=\/wp\/v2\/pages\/109","targetHints":{"allow":["GET"]}}],"collection":[{"href":"https:\/\/www.porinveneilijat.fi\/index.php?rest_route=\/wp\/v2\/pages"}],"about":[{"href":"https:\/\/www.porinveneilijat.fi\/index.php?rest_route=\/wp\/v2\/types\/page"}],"author":[{"embeddable":true,"href":"https:\/\/www.porinveneilijat.fi\/index.php?rest_route=\/wp\/v2\/users\/1"}],"replies":[{"embeddable":true,"href":"https:\/\/www.porinveneilijat.fi\/index.php?rest_route=%2Fwp%2Fv2%2Fcomments&post=109"}],"version-history":[{"count":3,"href":"https:\/\/www.porinveneilijat.fi\/index.php?rest_route=\/wp\/v2\/pages\/109\/revisions"}],"predecessor-version":[{"id":474,"href":"https:\/\/www.porinveneilijat.fi\/index.php?rest_route=\/wp\/v2\/pages\/109\/revisions\/474"}],"up":[{"embeddable":true,"href":"https:\/\/www.porinveneilijat.fi\/index.php?rest_route=\/wp\/v2\/pages\/107"}],"wp:attachment":[{"href":"https:\/\/www.porinveneilijat.fi\/index.php?rest_route=%2Fwp%2Fv2%2Fmedia&parent=109"}],"curies":[{"name":"wp","href":"https:\/\/api.w.org\/{rel}","templated":true}]}}